{"id":35,"date":"2024-10-09T18:12:32","date_gmt":"2024-10-09T16:12:32","guid":{"rendered":"http:\/\/tendancenatura.fr\/?page_id=35"},"modified":"2024-10-09T18:12:32","modified_gmt":"2024-10-09T16:12:32","slug":"soins","status":"publish","type":"page","link":"http:\/\/tendancenatura.fr\/?page_id=35","title":{"rendered":"Soins"},"content":{"rendered":"<div id=\"dslc-content\" class=\"dslc-content dslc-clearfix\"><div id=\"dslc-main\">\r\n\t\t\t<div  class=\"dslc-modules-section \" style=\"padding-top:0px;padding-bottom:0px;\" data-section-id=\"13a716e8d04\">\r\n\t\t\t\t\r\n\t\t\t\t\r\n\t\t\t\t<div class=\"dslc-modules-section-wrapper dslc-clearfix\"><div  class=\"dslc-modules-area dslc-col dslc-12-col dslc-last-col dslc-valign- \" data-size=\"12\" data-valign=\"\" data-modules-area-id=\"\" ><style type=\"text\/css\" id=\"dslca-modules-area-\"><\/style>\r\n\t\t<div id=\"dslc-module-d27a0bf9758\" class=\"dslc-module-front dslc-module-DSLC_Image dslc-in-viewport-check dslc-in-viewport-anim-none  dslc-col dslc-12-col dslc-last-col  dslc-module-handle-like-regular \" data-module-id=\"d27a0bf9758\" data-module=\"DSLC_Image\" data-dslc-module-size=\"12\" data-dslc-anim=\"none\" data-dslc-anim-delay=\"\" data-dslc-anim-duration=\"650\"  data-dslc-anim-easing=\"ease\" data-dslc-preset=\"none\" >\r\n\r\n\t\t\t\r\n\t\t\t\r\n\t\t\t\t<div class=\"dslc-image-container\">\r\n\t\t<div class=\"dslc-image\">\r\n\r\n\t\t\t\r\n\t\t\t\t\r\n\t\t\t\t\t\t\t\t\t<img src=\"http:\/\/tendancenatura.fr\/wp-content\/uploads\/2024\/10\/argiles.jpg\" alt=\"\" title=\"\" srcset=\"http:\/\/tendancenatura.fr\/wp-content\/uploads\/2024\/10\/argiles.jpg 1019w, http:\/\/tendancenatura.fr\/wp-content\/uploads\/2024\/10\/argiles-300x168.jpg 300w, http:\/\/tendancenatura.fr\/wp-content\/uploads\/2024\/10\/argiles-768x430.jpg 768w, http:\/\/tendancenatura.fr\/wp-content\/uploads\/2024\/10\/argiles-625x350.jpg 625w\" sizes=\"(max-width: 1019px) 100vw, 1019px\" \/>\r\n\t\t\t\t\r\n\t\t\t\t\t\t\t\t\t<\/div><!-- .dslc-image -->\r\n\t\t<\/div>\r\n\t\t\r\n\t\t\t\t<\/div><!-- .dslc-module -->\r\n\t\t\r\n\t\t<div id=\"dslc-module-73e9dc94ca4\" class=\"dslc-module-front dslc-module-DSLC_Text_Simple dslc-in-viewport-check dslc-in-viewport-anim-none  dslc-col dslc-12-col dslc-last-col  dslc-module-handle-like-regular \" data-module-id=\"73e9dc94ca4\" data-module=\"DSLC_Text_Simple\" data-dslc-module-size=\"12\" data-dslc-anim=\"none\" data-dslc-anim-delay=\"\" data-dslc-anim-duration=\"650\"  data-dslc-anim-easing=\"ease\" data-dslc-preset=\"none\" >\r\n\r\n\t\t\t\r\n\t\t\t\r\n\t\t\n\t\t<div class=\"dslc-text-module-content\">\n\t\t\t<h3 style=\"text-align: center;\">les Soins aux Argiles<\/h3>\t\t<\/div>\n\n\t\t\r\n\t\t\t\t<\/div><!-- .dslc-module -->\r\n\t\t\r\n\t\t<div id=\"dslc-module-2307bd1f6eb\" class=\"dslc-module-front dslc-module-DSLC_Text_Simple dslc-in-viewport-check dslc-in-viewport-anim-none  dslc-col dslc-12-col dslc-last-col  dslc-module-handle-like-regular \" data-module-id=\"2307bd1f6eb\" data-module=\"DSLC_Text_Simple\" data-dslc-module-size=\"12\" data-dslc-anim=\"none\" data-dslc-anim-delay=\"\" data-dslc-anim-duration=\"650\"  data-dslc-anim-easing=\"ease\" data-dslc-preset=\"none\" >\r\n\r\n\t\t\t\r\n\t\t\t\r\n\t\t\n\t\t<div class=\"dslc-text-module-content\">\n\t\t\t<p>Demandez un soin \u00e0 l'argile et huiles essentielles TERRE DE COULEUR pour re-dynamiser, r\u00e9hydrater et sublimer vos cheveux!<\/p><h4>Soins \u00e0 l'argile propos\u00e9s\u00a0 au salon Tendance Natura:<\/h4><p>1 -\u00a0<strong>OXYGENE<\/strong> pour cheveux \u00e0 pellicules et chutes des cheveux\u00a0<br><strong>2 -<\/strong>pour cuir chevelu irrit\u00e9<br>3 - FEMINITE\u00a0 pour cheveux secs<br><img class=\"aligncenter wp-image-108 size-medium\" src=\"http:\/\/tendancenatura.fr\/wp-content\/uploads\/2024\/10\/eau-de-soin-2-300x216.jpg\" alt=\"\" width=\"300\" height=\"216\"><br>4 - EQUILIBRE\u00a0pour cheveux intoxin\u00e9s ou sudation excessive5 - INTENSITE\u00a0pour cheveux ternes<br>6 - STRUCTURE\u00a0pour cheveux ab\u00eemes destructur\u00e9s<br><strong>7 - FORCE<\/strong>\u00a0pour cuir chevelu satur\u00e9<br>8 - PURIFIANT\u00a0pour cheveux gras<br>9 - DOUCEUR\u00a0pour usage fr\u00e9quent (ph neutre)<\/p>\t\t<\/div>\n\n\t\t\r\n\t\t\t\t<\/div><!-- .dslc-module -->\r\n\t\t<\/div><\/div><\/div><\/div><\/div>","protected":false},"excerpt":{"rendered":"<p>les Soins aux Argiles Demandez un soin \u00e0 l'argile et huiles essentielles TERRE DE COULEUR pour re-dynamiser, r\u00e9hydrater et sublimer vos cheveux!Soins \u00e0 l'argile propos\u00e9s\u00a0 au salon Tendance Natura:1 -\u00a0OXYGENE pour cheveux \u00e0 pellicules et chutes des cheveux\u00a02 -pour cuir chevelu irrit\u00e93 - FEMINITE\u00a0 pour cheveux secs4 - EQUILIBRE\u00a0pour cheveux &hellip;<\/p>\n","protected":false},"author":1,"featured_media":0,"parent":0,"menu_order":0,"comment_status":"closed","ping_status":"closed","template":"","meta":{"footnotes":""},"class_list":["post-35","page","type-page","status-publish","hentry"],"_links":{"self":[{"href":"http:\/\/tendancenatura.fr\/index.php?rest_route=\/wp\/v2\/pages\/35","targetHints":{"allow":["GET"]}}],"collection":[{"href":"http:\/\/tendancenatura.fr\/index.php?rest_route=\/wp\/v2\/pages"}],"about":[{"href":"http:\/\/tendancenatura.fr\/index.php?rest_route=\/wp\/v2\/types\/page"}],"author":[{"embeddable":true,"href":"http:\/\/tendancenatura.fr\/index.php?rest_route=\/wp\/v2\/users\/1"}],"replies":[{"embeddable":true,"href":"http:\/\/tendancenatura.fr\/index.php?rest_route=%2Fwp%2Fv2%2Fcomments&post=35"}],"version-history":[{"count":1,"href":"http:\/\/tendancenatura.fr\/index.php?rest_route=\/wp\/v2\/pages\/35\/revisions"}],"predecessor-version":[{"id":36,"href":"http:\/\/tendancenatura.fr\/index.php?rest_route=\/wp\/v2\/pages\/35\/revisions\/36"}],"wp:attachment":[{"href":"http:\/\/tendancenatura.fr\/index.php?rest_route=%2Fwp%2Fv2%2Fmedia&parent=35"}],"curies":[{"name":"wp","href":"https:\/\/api.w.org\/{rel}","templated":true}]}}